{"id":534,"date":"2017-07-27T16:16:02","date_gmt":"2017-07-27T16:16:02","guid":{"rendered":"http:\/\/www.ortosurperu.com\/?post_type=product&#038;p=534"},"modified":"2023-07-14T13:59:32","modified_gmt":"2023-07-14T18:59:32","slug":"aria-valvula","status":"publish","type":"product","link":"https:\/\/www.ortosurperu.com\/respaldo\/producto\/aria-valvula\/","title":{"rendered":"Aria v\u00e1lvula"},"content":{"rendered":"<div class=\"info_bloque info_bloque_dest\">\n<div class=\"info_bloque_fot_texto\">\n<div class=\"info_bloque_texto\">Referncias disponibles<\/div>\n<\/div>\n<\/div>\n<div class=\"info_sep_salto_parrafo\"><\/div>\n<div class=\"info_bloque\">\n<table class=\"tabla\" summary=\"P-9014-500\">\n<tbody>\n<tr>\n<th scope=\"col\">Referencia<\/th>\n<th scope=\"col\">Concepto<\/th>\n<\/tr>\n<tr>\n<td>P-9014-500<\/td>\n<td>Aria valve auto-expulsi\u00f3n con pulsador<\/td>\n<\/tr>\n<tr>\n<td>P-9014-000<\/td>\n<td>Aria valve<\/td>\n<\/tr>\n<\/tbody>\n<\/table>\n<\/div>\n","protected":false},"excerpt":{"rendered":"<div class=\"info_bloque_texto\">\n<div>\n<p class=\"heditor_first\">V\u00e1lvula con sistema auto-expulsi\u00f3n, compatible con cualquier sistema de fabricaci\u00f3n, sea laminado o en termopl\u00e1stico, incorpora un manguito para un mejor sellado. Puede ser utilizado en encajes tibiales, femorales, symes y tambi\u00e9n de miembro superior.<\/p>\n<p>Existen dos versiones con o sin pulsador de liberaci\u00f3n.<\/p>\n<\/div>\n<\/div>\n","protected":false},"featured_media":535,"comment_status":"open","ping_status":"closed","template":"","meta":[],"product_cat":[78,81],"product_tag":[],"_links":{"self":[{"href":"https:\/\/www.ortosurperu.com\/respaldo\/wp-json\/wp\/v2\/product\/534"}],"collection":[{"href":"https:\/\/www.ortosurperu.com\/respaldo\/wp-json\/wp\/v2\/product"}],"about":[{"href":"https:\/\/www.ortosurperu.com\/respaldo\/wp-json\/wp\/v2\/types\/product"}],"replies":[{"embeddable":true,"href":"https:\/\/www.ortosurperu.com\/respaldo\/wp-json\/wp\/v2\/comments?post=534"}],"wp:featuredmedia":[{"embeddable":true,"href":"https:\/\/www.ortosurperu.com\/respaldo\/wp-json\/wp\/v2\/media\/535"}],"wp:attachment":[{"href":"https:\/\/www.ortosurperu.com\/respaldo\/wp-json\/wp\/v2\/media?parent=534"}],"wp:term":[{"taxonomy":"product_cat","embeddable":true,"href":"https:\/\/www.ortosurperu.com\/respaldo\/wp-json\/wp\/v2\/product_cat?post=534"},{"taxonomy":"product_tag","embeddable":true,"href":"https:\/\/www.ortosurperu.com\/respaldo\/wp-json\/wp\/v2\/product_tag?post=534"}],"curies":[{"name":"wp","href":"https:\/\/api.w.org\/{rel}","templated":true}]}}