{"id":523,"date":"2017-07-27T15:41:45","date_gmt":"2017-07-27T15:41:45","guid":{"rendered":"http:\/\/www.ortosurperu.com\/?post_type=product&#038;p=523"},"modified":"2023-12-17T18:37:34","modified_gmt":"2023-12-17T23:37:34","slug":"air-lock","status":"publish","type":"product","link":"https:\/\/www.ortosurperu.com\/respaldo\/producto\/air-lock\/","title":{"rendered":"Air Lock"},"content":{"rendered":"<div class=\"info_bloque info_bloque_dest\">\n<div class=\"info_bloque_fot_texto\">\n<div class=\"info_bloque_texto\">Referencias disponibles<\/div>\n<\/div>\n<\/div>\n<div class=\"info_sep_salto_parrafo\"><\/div>\n<div class=\"info_bloque\">\n<table class=\"tabla\" summary=\"C-CD103\">\n<tbody>\n<tr>\n<th scope=\"col\">Referencia<\/th>\n<th scope=\"col\">Art\u00edculo<\/th>\n<\/tr>\n<tr>\n<td>C-CD103<\/td>\n<td>Air lock (kit completo)<\/td>\n<\/tr>\n<tr>\n<td>C-CD103P11<\/td>\n<td>Pin de 4,20 largo (completo)<\/td>\n<\/tr>\n<\/tbody>\n<\/table>\n<\/div>\n","protected":false},"excerpt":{"rendered":"<div class=\"info_bloque_texto\">\n<div>\n<div class=\"info_bloque_texto\">\n<div>\n<p class=\"heditor_first\">Lanzadera de muy poco peso, al ser fabricada su estructura en delrin; que consigue combinar un mayor confort para el amputado con la seguridad de su anclaje con el pin. En su adaptaci\u00f3n en el proceso de fabricaci\u00f3n en el encaje, consigue un sello m\u00e1s herm\u00e9tico que las lanzaderas convencionales, evitando de \u00e9sta manera las fugas de aire y las holguras que potencian los pistones, y las tracciones en la parte distal del mu\u00f1on, causante de la inestabilidad del mu\u00f1on y de un mayor deterioro del encaje de silicona. Como accesorio se puede utilizar con un pin m\u00e1s largo.<\/p>\n<p>Peso de la lanzadera: 84 gramos<\/p>\n<p>Di\u00e1metro: \u00a05,74 cms.<\/p>\n<p>Altura: \u00a04,12 cms<\/p>\n<p>Peso m\u00e1ximo del paciente: 120 kgs.<\/p>\n<\/div>\n<\/div>\n<\/div>\n<\/div>\n","protected":false},"featured_media":526,"comment_status":"open","ping_status":"closed","template":"","meta":[],"product_cat":[85,78],"product_tag":[],"_links":{"self":[{"href":"https:\/\/www.ortosurperu.com\/respaldo\/wp-json\/wp\/v2\/product\/523"}],"collection":[{"href":"https:\/\/www.ortosurperu.com\/respaldo\/wp-json\/wp\/v2\/product"}],"about":[{"href":"https:\/\/www.ortosurperu.com\/respaldo\/wp-json\/wp\/v2\/types\/product"}],"replies":[{"embeddable":true,"href":"https:\/\/www.ortosurperu.com\/respaldo\/wp-json\/wp\/v2\/comments?post=523"}],"wp:featuredmedia":[{"embeddable":true,"href":"https:\/\/www.ortosurperu.com\/respaldo\/wp-json\/wp\/v2\/media\/526"}],"wp:attachment":[{"href":"https:\/\/www.ortosurperu.com\/respaldo\/wp-json\/wp\/v2\/media?parent=523"}],"wp:term":[{"taxonomy":"product_cat","embeddable":true,"href":"https:\/\/www.ortosurperu.com\/respaldo\/wp-json\/wp\/v2\/product_cat?post=523"},{"taxonomy":"product_tag","embeddable":true,"href":"https:\/\/www.ortosurperu.com\/respaldo\/wp-json\/wp\/v2\/product_tag?post=523"}],"curies":[{"name":"wp","href":"https:\/\/api.w.org\/{rel}","templated":true}]}}