{"id":481,"date":"2017-07-22T18:54:11","date_gmt":"2017-07-22T18:54:11","guid":{"rendered":"http:\/\/www.ortosurperu.com\/web\/?post_type=product&#038;p=481"},"modified":"2023-07-14T14:01:49","modified_gmt":"2023-07-14T19:01:49","slug":"camiseta-manga-larga-ubo","status":"publish","type":"product","link":"https:\/\/www.ortosurperu.com\/respaldo\/producto\/camiseta-manga-larga-ubo\/","title":{"rendered":"Camiseta manga larga (UBO)"},"content":{"rendered":"<div class=\"info_bloque info_bloque_dest\"><\/div>\n<div class=\"info_sep_salto_parrafo\">\n<div class=\"info_bloque info_bloque_dest\">\n<div class=\"info_bloque_fot_texto\">\n<div class=\"info_bloque_texto\">Referencias disponibles<\/div>\n<\/div>\n<\/div>\n<div class=\"info_sep_salto_parrafo\"><\/div>\n<div class=\"info_bloque\">\n<table class=\"tabla\" summary=\"SP-S41\">\n<tbody>\n<tr>\n<th scope=\"col\">Referencia<\/th>\n<th scope=\"col\">Per\u00edmetro (pecho)<\/th>\n<th scope=\"col\">Longitud<\/th>\n<\/tr>\n<tr>\n<td>SP-S41<\/td>\n<td>41 cm<\/td>\n<td>29,25 cm<\/td>\n<\/tr>\n<tr>\n<td>SP-S44<\/td>\n<td>44 cm<\/td>\n<td>33,25 cm<\/td>\n<\/tr>\n<tr>\n<td>SP-S47<\/td>\n<td>47 cm<\/td>\n<td>37,25 cm<\/td>\n<\/tr>\n<tr>\n<td>SP-S51<\/td>\n<td>51 cm<\/td>\n<td>41,25 cm<\/td>\n<\/tr>\n<tr>\n<td>SP-S54<\/td>\n<td>54 cm<\/td>\n<td>45,25 cm<\/td>\n<\/tr>\n<tr>\n<td>SP-S57<\/td>\n<td>57 cm<\/td>\n<td>49,25 cm<\/td>\n<\/tr>\n<tr>\n<td>SP-S60<\/td>\n<td>60 cm<\/td>\n<td>53,25 cm<\/td>\n<\/tr>\n<tr>\n<td>SP-S64<\/td>\n<td>64 cm<\/td>\n<td>57,25 cm<\/td>\n<\/tr>\n<tr>\n<td>SP-S67<\/td>\n<td>67 cm<\/td>\n<td>61,25 cm<\/td>\n<\/tr>\n<tr>\n<td>SP-S70<\/td>\n<td>70 cm<\/td>\n<td>65,25 cm<\/td>\n<\/tr>\n<tr>\n<td>SP-S73<\/td>\n<td>73 cm<\/td>\n<td>69,25 cm<\/td>\n<\/tr>\n<tr>\n<td>SP-S77<\/td>\n<td>77 cm<\/td>\n<td>73,25 cm<\/td>\n<\/tr>\n<\/tbody>\n<\/table>\n<\/div>\n<\/div>\n","protected":false},"excerpt":{"rendered":"<div>\n<p class=\"heditor_first\">La camiseta de manga larga (UBO), fabricada con una sola capa de lycra, proporciona una compresion constante en brazos y tronco. Es un producto adecuado para pacientes con deficencias sensitivas primarias y sensoriales. Tambi\u00e9n proporciona una estabilidad funcional tanto en el hombro\/brazo como en cabeza\/tronco.<\/p>\n<p>Es muy importante, la elecci\u00f3n de una talla adecuada; para ello es muy importante seguir las directrices para la elecci\u00f3n de la talla que se pueden ver en el video. Al ponerse la camiseta asegurese que las mangas est\u00e1n correctamente estiradas y no enrolladas sobre el brazo, ya que \u00e9sto hace que no sea correcta el ajuste en las axilas.<\/p>\n<p>Se comercializa en tres colores: negro (standard), blanco y azul.<\/p>\n<p>Existe un tallaje standard, pero se puede confeccionar a medida.<\/p>\n<p>&nbsp;<\/p>\n<div>Material:<\/div>\n<p>Lycra\/Nylon<br \/>\nCremallera.<br \/>\nSilicona antideslizante.<br \/>\n100% sin l\u00e1tex<\/p><\/div>\n","protected":false},"featured_media":482,"comment_status":"open","ping_status":"closed","template":"","meta":[],"product_cat":[100,99],"product_tag":[],"_links":{"self":[{"href":"https:\/\/www.ortosurperu.com\/respaldo\/wp-json\/wp\/v2\/product\/481"}],"collection":[{"href":"https:\/\/www.ortosurperu.com\/respaldo\/wp-json\/wp\/v2\/product"}],"about":[{"href":"https:\/\/www.ortosurperu.com\/respaldo\/wp-json\/wp\/v2\/types\/product"}],"replies":[{"embeddable":true,"href":"https:\/\/www.ortosurperu.com\/respaldo\/wp-json\/wp\/v2\/comments?post=481"}],"wp:featuredmedia":[{"embeddable":true,"href":"https:\/\/www.ortosurperu.com\/respaldo\/wp-json\/wp\/v2\/media\/482"}],"wp:attachment":[{"href":"https:\/\/www.ortosurperu.com\/respaldo\/wp-json\/wp\/v2\/media?parent=481"}],"wp:term":[{"taxonomy":"product_cat","embeddable":true,"href":"https:\/\/www.ortosurperu.com\/respaldo\/wp-json\/wp\/v2\/product_cat?post=481"},{"taxonomy":"product_tag","embeddable":true,"href":"https:\/\/www.ortosurperu.com\/respaldo\/wp-json\/wp\/v2\/product_tag?post=481"}],"curies":[{"name":"wp","href":"https:\/\/api.w.org\/{rel}","templated":true}]}}