{"id":479,"date":"2017-07-22T18:50:21","date_gmt":"2017-07-22T18:50:21","guid":{"rendered":"http:\/\/www.ortosurperu.com\/web\/?post_type=product&#038;p=479"},"modified":"2017-07-22T18:53:11","modified_gmt":"2017-07-22T18:53:11","slug":"que-es-la-ortesis-dafo","status":"publish","type":"product","link":"https:\/\/www.ortosurperu.com\/respaldo\/producto\/que-es-la-ortesis-dafo\/","title":{"rendered":"\u00bfQu\u00e9 es la ortesis Dafo?"},"content":{"rendered":"<div class=\"info_bloque info_bloque_dest\">\n<div class=\"info_bloque_fot_texto\">\n<div class=\"info_bloque_texto\">Tipos de Dafo<\/div>\n<\/div>\n<\/div>\n<div class=\"info_sep_salto_parrafo\"><\/div>\n<div class=\"info_bloque\">\n<div class=\"info_bloque_fot_texto\">\n<div class=\"info_bloque_texto\">\n<p class=\"heditor_first\">Debido al gran n\u00famero de patolog\u00edas, existen varios tipos de ortesis Dafo. No obstante, y atendido a su forma de trabajarlas, existen tres grupos diferentes:<\/p>\n<p>&#8211; <strong>Dafo Original:\u00a0 <\/strong>siempre hay que tomar el molde.<\/p>\n<p><strong>&#8211; Fast Fit: <\/strong>no es necesario tomar el molde.<\/p>\n<p><strong>&#8211; Dafo Softy: <\/strong>siempre hay que tomar el molde, aunque est\u00e1 fabricado en material blando.<\/p>\n<\/div>\n<\/div>\n<\/div>\n<div class=\"info_sep_salto_parrafo\"><\/div>\n","protected":false},"excerpt":{"rendered":"<div class=\"info_bloque_texto\"><\/div>\n<div>Hace mas de venticinco a\u00f1os, concretamente en 1982; Don Buethorn (t\u00e9cnico ortop\u00e9dico, fundador de Dafo ), junto a la fisioterapeuta Nancy Hylton desarrollaron el primer DAFO (Dynamic Ankle Foot Orthosis).Nancy Hylton hab\u00eda conseguido una t\u00e9cnica con f\u00e9rulas fabricadas con dos valvas de yeso, f\u00e9rulas muy eficaces, pero con las limitaciones propias del material con la que estaban construidas. Don Buethorn plasm\u00f3 y potenci\u00f3 dicha t\u00e9cnica pero con material pl\u00e1stico flexible, \u00e9sta posibilidad hizo que se abrieran las alternativas a la investigaci\u00f3n de una t\u00e9cnica que desarrollara la movilidad de ni\u00f1os y adultos, potenciando su propiocepci\u00f3n, y personalizando cada caso atendiendo a patolog\u00edas muy diversas.Esta filosof\u00eda de trabajar en equipo, entre el fisioterapeuta y el t\u00e9cnico ortop\u00e9dico, se mantiene en la empresa como base fundamental del exito del producto, uniendo tambi\u00e9n como pieza clave la del entorno familiar del ni\u00f1o.Durante estos a\u00f1os Dafo Cascade Inc. se ha mantenido como lider en el desarrollo, investigaci\u00f3n y comercializaci\u00f3n de esta familia de productos, tanto para ni\u00f1os como para adultos; aunque su mayor oferta siempre ha sido en el paciente pedi\u00e1trico.<\/div>\n","protected":false},"featured_media":480,"comment_status":"open","ping_status":"closed","template":"","meta":[],"product_cat":[101,99],"product_tag":[],"_links":{"self":[{"href":"https:\/\/www.ortosurperu.com\/respaldo\/wp-json\/wp\/v2\/product\/479"}],"collection":[{"href":"https:\/\/www.ortosurperu.com\/respaldo\/wp-json\/wp\/v2\/product"}],"about":[{"href":"https:\/\/www.ortosurperu.com\/respaldo\/wp-json\/wp\/v2\/types\/product"}],"replies":[{"embeddable":true,"href":"https:\/\/www.ortosurperu.com\/respaldo\/wp-json\/wp\/v2\/comments?post=479"}],"wp:featuredmedia":[{"embeddable":true,"href":"https:\/\/www.ortosurperu.com\/respaldo\/wp-json\/wp\/v2\/media\/480"}],"wp:attachment":[{"href":"https:\/\/www.ortosurperu.com\/respaldo\/wp-json\/wp\/v2\/media?parent=479"}],"wp:term":[{"taxonomy":"product_cat","embeddable":true,"href":"https:\/\/www.ortosurperu.com\/respaldo\/wp-json\/wp\/v2\/product_cat?post=479"},{"taxonomy":"product_tag","embeddable":true,"href":"https:\/\/www.ortosurperu.com\/respaldo\/wp-json\/wp\/v2\/product_tag?post=479"}],"curies":[{"name":"wp","href":"https:\/\/api.w.org\/{rel}","templated":true}]}}